{"id":716,"date":"2017-05-08T19:19:41","date_gmt":"2017-05-08T18:19:41","guid":{"rendered":"http:\/\/katiescakes.de\/?page_id=716"},"modified":"2022-08-22T16:23:54","modified_gmt":"2022-08-22T15:23:54","slug":"preise","status":"publish","type":"page","link":"http:\/\/katiescakes.de\/?page_id=716","title":{"rendered":"Preise"},"content":{"rendered":"<p><span style=\"color: #000000;\"><span style=\"font-family: URW Chancery L;\"><span style=\"font-size: large;\">Katie&#8217;s Cakes bietet ganz individuelle <\/span><\/span><span style=\"font-family: URW Chancery L;\"><span style=\"font-size: large;\">und <\/span><\/span><span style=\"font-family: URW Chancery L;\"><span style=\"font-size: large;\">personalisierte<\/span><\/span><span style=\"font-family: URW Chancery L;\"><span style=\"font-size: large;\"> Torten an.<br \/>\nDie Torten werden auf Anfrage frisch und ohne k\u00fcnstliche Zusatzstoffe gebacken und nach Ihren Vorstellungen dekoriert und gestaltet. Ich verwende grunds\u00e4tzlich nur tierische Bio-Produkte.<br \/>\nGanz egal, ob Sie ein individuelles Geschenk f\u00fcr jemanden ganz besonderes suchen, selber ein Fest feiern und ein ausgefallenes Dessert bieten wollen oder gar auf der Suche nach einer Hochzeitstorte sind, ich berate Sie gerne.<br \/>\n<\/span><\/span><\/span><span style=\"font-family: URW Chancery L;\"><span style=\"font-size: large;\"><br \/>\n<\/span><\/span><span style=\"color: #000000;\"><span style=\"font-family: URW Chancery L;\"><span style=\"font-size: large;\">Au\u00dfer Motivtorten k\u00f6nnen Sie auch gerne S\u00fc\u00dfspeisen wie Cupcakes, Minimuffins, Tartlets oder anderes Kleingeb\u00e4ck bei mir erwerben.<\/span><\/span><\/span><\/p>\n<h3>Tortenpreise variieren nach Gr\u00f6\u00dfe und Aufwand.<\/h3>\n<p><span style=\"text-decoration: underline;\"><strong>Motivtorten (5-8cm hoch) :<br \/>\n<\/strong><\/span><\/p>\n<p><strong><span style=\"text-decoration: underline;\">Hochzeitstorten (8-10cm hoch) :<br \/>\n<\/span><\/strong><\/p>\n<p>15cm ab 45\u20ac<br \/>\n20cm ab 65\u20ac<br \/>\n25cm ab 80\u20ac<br \/>\n30cm ab 95\u20ac<br \/>\n&#8230; weitere Gr\u00f6\u00dfen auf Anfrage<\/p>\n<p>Minimuffins ab 1\u20ac das St\u00fcck<\/p>\n<p>Muffins ab 2,50\u20ac das St\u00fcck<\/p>\n<p>Cupcakes ab 3\u20ac das St\u00fcck<\/p>\n<p>Cakepops ab 3,50\u20ac das St\u00fcck<\/p>\n<p>Tartletts ab 3,20\u20ac das St\u00fcck<\/p>\n<p>Gerne stehe ich Ihnen f\u00fcr ein pers\u00f6nliches Beratungsgespr\u00e4ch zur Verf\u00fcgung.<br \/>\nBei Fragen oder Interesse schreiben Sie mir bitte eine Mail an: <strong><em>katiescakes@web.de<\/em><\/strong><\/p>\n<div class=\"fcbk_share\"><div class=\"fcbk_like\"><fb:like href=\"http:\/\/katiescakes.de\/?page_id=716\" layout=\"button_count\" width=\"450\" show_faces=\"false\" share=\"false\"><\/fb:like><\/div><\/div>","protected":false},"excerpt":{"rendered":"<p>Katie&#8217;s Cakes bietet ganz individuelle und personalisierte Torten an. Die Torten werden auf Anfrage frisch und ohne k\u00fcnstliche Zusatzstoffe gebacken und nach Ihren Vorstellungen dekoriert und gestaltet. Ich verwende grunds\u00e4tzlich nur tierische Bio-Produkte. Ganz egal, ob Sie ein individuelles Geschenk f\u00fcr jemanden ganz besonderes suchen, selber ein Fest feiern und ein ausgefallenes Dessert bieten wollen [&hellip;]<\/p>\n","protected":false},"author":1,"featured_media":0,"parent":0,"menu_order":0,"comment_status":"open","ping_status":"open","template":"","meta":[],"_links":{"self":[{"href":"http:\/\/katiescakes.de\/index.php?rest_route=\/wp\/v2\/pages\/716"}],"collection":[{"href":"http:\/\/katiescakes.de\/index.php?rest_route=\/wp\/v2\/pages"}],"about":[{"href":"http:\/\/katiescakes.de\/index.php?rest_route=\/wp\/v2\/types\/page"}],"author":[{"embeddable":true,"href":"http:\/\/katiescakes.de\/index.php?rest_route=\/wp\/v2\/users\/1"}],"replies":[{"embeddable":true,"href":"http:\/\/katiescakes.de\/index.php?rest_route=%2Fwp%2Fv2%2Fcomments&post=716"}],"version-history":[{"count":14,"href":"http:\/\/katiescakes.de\/index.php?rest_route=\/wp\/v2\/pages\/716\/revisions"}],"predecessor-version":[{"id":1155,"href":"http:\/\/katiescakes.de\/index.php?rest_route=\/wp\/v2\/pages\/716\/revisions\/1155"}],"wp:attachment":[{"href":"http:\/\/katiescakes.de\/index.php?rest_route=%2Fwp%2Fv2%2Fmedia&parent=716"}],"curies":[{"name":"wp","href":"https:\/\/api.w.org\/{rel}","templated":true}]}}